2 - 15*l + 107. What is the units digit of b(10)?
7
Let r = -49404 + 70510. Suppose -19*l = -r - 14595. What is the hundreds digit of l?
8
Suppose -9*c + 25097 = -33529. What is the units digit of c?
4
Let j be (1340/(-6))/(-1) - 62/(-93). Suppose 3*k - j = -k. Suppose h - k + 4 = 0. What is the tens digit of h?
5
What is the tens digit of (898/3)/((960/(-36))/(-4) + -6)?
4
Suppose 136*q + 257150 - 3379982 = 0. What is the tens digit of q?
6
Suppose -2*c - 3*i + 23027 = 0, -57566 = -5*c - 5*i - 3*i. What is the tens digit of c?
1
Suppose 5*f = -0*f - 4*o + 157, -f - 2*o + 35 = 0. Suppose -m + 30*l + 384 = f*l, 4*m - l - 1542 = 0. What is the tens digit of m?
8
What is the hundreds digit of 15/(-10) - (-7)/((-56)/(-7484))?
9
Suppose -132*p = 111*p - 41*p - 529240. What is the tens digit of p?
2
Let u(h) = 920*h**2 + 86*h + 408. What is the thousands digit of u(-7)?
4
Let b(r) = 13*r**2 + 2*r - 8*r**2 - 3 - 3*r**2 - r**2. Let d be b(-9). Suppose -i + 31 = -d. What is the tens digit of i?
9
What is the hundreds digit of (-194)/5*(-358 - (0 + -23))?
9
Let q(p) be the first derivative of 9*p**2/2 + 2*p - 94. What is the units digit of q(6)?
6
Suppose 17*p - 12*p - 175 = 0. Suppose p*q = 46*q - 11187. What is the thousands digit of q?
1
Let k(g) = -g**3 - 3*g**2 - 2*g - 4. Let b be k(-4). Suppose b*t - 36 = 2*t. What is the units digit of t?
2
What is the tens digit of -2*((-1435)/3 + (-28)/168)?
5
Suppose 44*b - 13766837 = 398*b - 38670029. What is the thousands digit of b?
0
Let j(w) = 4918*w - 121. What is the thousands digit of j(1)?
4
Let r(o) = -4*o**2 + 12*o - 261. Let c(b) = -3*b**2 + 8*b - 174. Let f(a) = 7*c(a) - 5*r(a). What is the tens digit of f(0)?
8
Let v = -45 - -52. Suppose -3*u + 3 = -2*i - 4*u, i + v = 5*u. What is the units digit of ((-65)/10)/(i/20)?
5
Let x be 0 + 0 - (-2 - -2). Suppose -k + 252 = -x*k + f, -2*f - 1020 = -4*k. Let b = -164 + k. What is the tens digit of b?
9
Let w = 51 - 49. Let j(f) = -w - 1 - 2 + 2 - 18*f. What is the units digit of j(-4)?
9
Let s(i) = i**3 + 25*i**2 + 22*i - 125. What is the units digit of s(-22)?
3
Suppose -551*n = -554*n + 1068. Suppose 5*w - n = 289. What is the tens digit of w?
2
What is the ten thousands digit of (-6*13/4)/((-7)/5264)?
1
Suppose 56*v - 209156 = 1384492. What is the units digit of v?
8
What is the hundreds digit of (-83374*(-29 - -27))/2?
3
Let r be (-658)/(-8) + 7/(-28). Suppose -2*u + u = -3*j - r, 0 = -2*j. Suppose 3*q = 71 + u. What is the tens digit of q?
5
What is the thousands digit of (0/(-6) - (-9636 - -2))/(-5)*-15?
8
Suppose 0 = -5*c - f + 53719, 78*c + 21514 = 80*c + 7*f. What is the ten thousands digit of c?
1
Let z be (-8)/(-10)*(2 - 3117/6). Let a = z - -728. What is the tens digit of a?
1
Let p(b) = -99*b**3 + 5*b**2 + 23*b + 24. What is the hundreds digit of p(-5)?
4
Let j be (7 + -19)/6 + 46. Suppose -32*t - 7704 = -j*t. What is the units digit of t?
2
Let i = -293 - -543. Let k = 110 + i. What is the hundreds digit of k?
3
What is the hundreds digit of 9007 + (-1)/(21/273)?
9
Suppose -6250 = 4*l - 14*l. Suppose -652 = -r + 5*t, 5*r - l = 4*r - 4*t. Suppose -3*j + 2*o = -r, -3*o + 1049 = 3*j + 2*j. What is the units digit of j?
1
Suppose 84*y - 82*y + 3*u = 81587, -81615 = -2*y + u. What is the tens digit of y?
0
Suppose 0 = -h - 5*d + 7987, 2*d = -4*h + 7*d + 31823. What is the hundreds digit of h?
9
Suppose -2*q + 34 = 3*g - 4*q, 4*g + q - 49 = 0. What is the hundreds digit of 117*g*(-21)/(-28)?
0
What is the units digit of (51916 - -69) + -1 + (1 - 2)?
3
Let i(s) = -302*s - 23. Let n be i(-4). Let u = -500 + n. What is the hundreds digit of u?
6
Suppose 3*q + 22 + 23 = 0. Let k be q/(13/2 + -5). What is the tens digit of 149/k*-2 - (-8)/40?
3
Let y = 5043 + -2139. Let o be -2*4*(-3)/(-2). What is the units digit of o/15 + y/30?
6
Let r be 4/(1*(5 + -6)) - -7. Suppose 11*g - r*v = 6*g + 6396, -4 = 2*v. What is the hundreds digit of g?
2
What is the thousands digit of (-4)/(-26) - 2848131/(-169) - (0 + 0)?
6
Let r(o) = -o**3 + 21*o**2 - 46*o + 1361. Let i be r(22). Let y be (0 - -3)*136/6. Let m = y - i. What is the units digit of m?
3
Let h be ((-4)/8)/((-3)/(-120)). Let g = 224 - h. Let f = 519 - g. What is the units digit of f?
5
Suppose 0 = 5*i, 5560 + 10364 = 3*x + 3*i. What is the tens digit of x?
0
Let k(w) = 16*w - 5. Let s be k(1). Let u = 3 + s. Suppose -l + u = -88. What is the tens digit of l?
0
Let v(q) = q**2 + 4*q + 7. Suppose -2*l = 5*r + 28, -r - 20 = l + 3*r. Let d be v(l). What is the units digit of 3 - d/(7/(-38))?
1
Suppose -z - 4*f = z - 24, -f + 8 = z. Let s = 15 + -12. Suppose -189 = -s*b + z*g - 9*g, 4*g = 0. What is the units digit of b?
3
Let w(j) = -60*j - 106. Let f(a) = -7*a + 115. Let r be f(18). What is the hundreds digit of w(r)?
5
Let b(i) = -130*i + 709. What is the thousands digit of b(-29)?
4
Suppose -42*w + 5847 = -34*w - 28601. What is the units digit of w?
6
Let n be 1*(6/(-18))/((-3)/108909). Suppose 12*q = -809 + n. What is the hundreds digit of q?
9
Let q(k) be the third derivative of k**5/15 + 13*k**4/24 + k**3/3 + k**2 - 6. What is the units digit of q(-10)?
2
Let u(o) = -o**3 - 8*o**2 + 5*o - 27. Let x be u(-9). Suppose x = -4*m + 7*m. What is the units digit of (-4)/(-6)*m + 59?
1
Let n be (-394)/10 + 1 - 58/(-145). Let k = 42 + n. What is the units digit of (-1)/(-2) + 86/k?
2
Let v(f) = 168*f. Let s be v(6). Suppose -l - 8 = -2*t - 3, 1 = -l. What is the units digit of (t - 0)/(24/s)?
4
Suppose 9*f - 11*f + 8 = 0. Let y be 7 + -7 + f + -4. Suppose y = 4*h - 516 - 32. What is the tens digit of h?
3
Suppose 3*g = 4*l - 21, -5*l + 66 = 5*g - 4. Suppose -12 = -3*h - h. What is the hundreds digit of ((-33)/l)/(h/(-108))?
1
Suppose 3*w - 65 = 2*v - 286, v - 109 = w. What is the hundreds digit of v + ((-18)/(-21))/((-15)/(-70))?
1
Suppose 4*d - 57 = -229. Let w = d + 63. What is the tens digit of (1130/w)/((-1)/(-2))?
1
Let b be ((-9597)/(-14))/((-12)/16). What is the units digit of 1/2 - b/4?
9
Let p = -64930 + 94997. What is the ten thousands digit of p?
3
Suppose -4*k + 138 = -2*t, -270 = t + 3*t - 5*k. Let o be (26/t)/(1/(-10)). Suppose o*l - 60 = -24. What is the units digit of l?
9
Let m(f) = 6 + 2 - 4*f + 4 - 4 - f**2. Let s be m(-6). What is the units digit of 0 - (5 + 968/s)?
7
Let c be (17 - 2271) + (-1 - 3). Let v = c - -3417. What is the hundreds digit of v?
1
Let f(g) = 19*g + 1. Let z(k) = 38*k + 3. Let l(q) = 7*f(q) - 4*z(q). Suppose -154*t = -150*t + 8. What is the tens digit of l(t)?
3
Suppose -b = 2*w - 23625, 112*b + 11805 = w + 111*b. What is the hundreds digit of w?
8
Let i(u) = 17*u**2 - 4*u + u**3 - 7 + 54 + 28*u. What is the units digit of i(-15)?
7
Let m = -18 - -21. Suppose -18 = -m*v + 24. Suppose w = 44 + v. What is the tens digit of w?
5
Suppose 172 = 13*k - 23. Let w(c) = c**3 - 4*c**2 - 75*c + 7. What is the tens digit of w(k)?
5
Let h = -68 + 28. Let o = 45 + h. Suppose -54 + 199 = o*q. What is the units digit of q?
9
Let i(o) = 2*o**2 - 2*o + 5. Let n be i(0). Let m be 368/n - 10/25*-1. Suppose -9*p + m = -268. What is the tens digit of p?
3
Suppose 0 = -5*k - 2*z + 41, -6*k + k + z + 47 = 0. Let b be (-30)/2*1*k. What is the units digit of 14/56 + b/(-4)?
4
Suppose -247 = -d - 78. Let k(b) = 116*b + 119. Let n be k(-1). Suppose d = -n*r + 448. What is the units digit of r?
3
Let d(r) = -7*r + 117. Let k be d(16). Suppose -w = -k*t + 1777, 3*w - 128 = -t + 221. What is the hundreds digit of t?
3
Let h = -30 - -267. Let o = h + 201. What is the hundreds digit of o?
4
Let s = -20184 - -37582. What is the hundreds digit of s?
3
Suppose 142*v - 288648 = 118*v. What is the ten thousands digit of v?
1
Let a(d) = 10*d - 49. Let u be a(22). Suppose 5*v = -s + 907, 10*s + u = v + 5*s. What is the tens digit of v?
8
Let v = 497 - -230. Suppose -9*t - v = -3130. What is the hundreds digit of t?
2
Let d(l) = -22*l - 14. Suppose u + 4*u - 30 = 0. Suppose -4*k = 5*q - 8, -q + u*q = -2*k + 14. What is the tens digit of d(k)?
5
Let g(n) = 4*n**3 - 8*n**2 - 11*n + 36. Suppose -18 = 3*c - 4*c - 4*l, 18 = 5*c - 4*l. What is the tens digit of g(c)?
4
Suppose -21*f + 36*f - 54204 = 344196. What is the ten thousands digit of f?
2
Suppose -65 = -16*s - 33. Suppose -2*q - s*h = -2668, q + 0*h + 5*